{"id":1472,"date":"2021-10-30T16:39:58","date_gmt":"2021-10-30T19:39:58","guid":{"rendered":"http:\/\/www.clinicabioser.com.br\/online\/?page_id=1472"},"modified":"2021-12-13T13:28:58","modified_gmt":"2021-12-13T16:28:58","slug":"neuropsicologia","status":"publish","type":"page","link":"https:\/\/www.clinicabioser.com.br\/online\/especialidades\/neuropsicologia\/","title":{"rendered":"Neuropsicologia"},"content":{"rendered":"\t\t<div data-elementor-type=\"wp-page\" data-elementor-id=\"1472\" class=\"elementor elementor-1472\">\n\t\t\t\t\t\t<section class=\"elementor-section elementor-top-section elementor-element elementor-element-7ee48574 elementor-section-full_width elementor-section-stretched elementor-section-height-default elementor-section-height-default\" data-id=\"7ee48574\" data-element_type=\"section\" data-e-type=\"section\" data-settings=\"{&quot;stretch_section&quot;:&quot;section-stretched&quot;,&quot;background_background&quot;:&quot;classic&quot;}\">\n\t\t\t\t\t\t<div class=\"elementor-container elementor-column-gap-no\">\n\t\t\t\t\t<div class=\"aux-parallax-section elementor-column elementor-col-100 elementor-top-column elementor-element elementor-element-4447f875\" data-id=\"4447f875\" data-element_type=\"column\" data-e-type=\"column\">\n\t\t\t<div class=\"elementor-widget-wrap elementor-element-populated\">\n\t\t\t\t\t\t<div class=\"elementor-element elementor-element-480f0c0e elementor-widget elementor-widget-aux_breadcrumbs\" data-id=\"480f0c0e\" data-element_type=\"widget\" data-e-type=\"widget\" data-widget_type=\"aux_breadcrumbs.default\">\n\t\t\t\t<div class=\"elementor-widget-container\">\n\t\t\t\t\t<div class=\"aux-elementor-breadcrumbs\"><p class=\"aux-breadcrumbs\"><span class=\"aux-breadcrumb-sep breadcrumb-icon Array\"><\/span><span><a href=\"https:\/\/www.clinicabioser.com.br\/online\" title=\"Home\">Home<\/a><\/span><\/div>\t\t\t\t<\/div>\n\t\t\t\t<\/div>\n\t\t\t\t<div class=\"elementor-element elementor-element-581ee9fe elementor-widget elementor-widget-heading\" data-id=\"581ee9fe\" data-element_type=\"widget\" data-e-type=\"widget\" data-widget_type=\"heading.default\">\n\t\t\t\t<div class=\"elementor-widget-container\">\n\t\t\t\t\t<h1 class=\"elementor-heading-title elementor-size-default\">Neuropsicologia<\/h1>\t\t\t\t<\/div>\n\t\t\t\t<\/div>\n\t\t\t\t\t<\/div>\n\t\t<\/div>\n\t\t\t\t\t<\/div>\n\t\t<\/section>\n\t\t\t\t<section class=\"elementor-section elementor-top-section elementor-element elementor-element-4cb043c elementor-section-full_width elementor-section-height-default elementor-section-height-default\" data-id=\"4cb043c\" data-element_type=\"section\" data-e-type=\"section\">\n\t\t\t\t\t\t<div class=\"elementor-container elementor-column-gap-default\">\n\t\t\t\t\t<div class=\"aux-parallax-section elementor-column elementor-col-100 elementor-top-column elementor-element elementor-element-9c883e7\" data-id=\"9c883e7\" data-element_type=\"column\" data-e-type=\"column\">\n\t\t\t<div class=\"elementor-widget-wrap elementor-element-populated\">\n\t\t\t\t\t\t<div class=\"elementor-element elementor-element-78d9aa1 elementor-widget elementor-widget-image\" data-id=\"78d9aa1\" data-element_type=\"widget\" data-e-type=\"widget\" data-widget_type=\"image.default\">\n\t\t\t\t<div class=\"elementor-widget-container\">\n\t\t\t\t\t\t\t\t\t\t\t\t\t\t\t<img fetchpriority=\"high\" decoding=\"async\" width=\"300\" height=\"194\" src=\"https:\/\/www.clinicabioser.com.br\/online\/wp-content\/uploads\/2021\/04\/Foto-Pagina-Neuropsicologia-300x194.jpg\" class=\"attachment-medium size-medium wp-image-572\" alt=\"\" srcset=\"https:\/\/www.clinicabioser.com.br\/online\/wp-content\/uploads\/2021\/04\/Foto-Pagina-Neuropsicologia-300x194.jpg 300w, https:\/\/www.clinicabioser.com.br\/online\/wp-content\/uploads\/2021\/04\/Foto-Pagina-Neuropsicologia-280x180.jpg 280w\" sizes=\"(max-width: 300px) 100vw, 300px\" \/>\t\t\t\t\t\t\t\t\t\t\t\t\t\t\t<\/div>\n\t\t\t\t<\/div>\n\t\t\t\t<div class=\"elementor-element elementor-element-3a7e6c0 elementor-widget elementor-widget-text-editor\" data-id=\"3a7e6c0\" data-element_type=\"widget\" data-e-type=\"widget\" data-widget_type=\"text-editor.default\">\n\t\t\t\t<div class=\"elementor-widget-container\">\n\t\t\t\t\t\t\t\t\t<p style=\"text-align: center;\">A Avalia\u00e7\u00e3o Neuropsicol\u00f3gica \u00e9 um m\u00e9todo de investiga\u00e7\u00e3o do funcionamento cerebral, que avalia o desempenho das habilidades cognitivas: aten\u00e7\u00e3o, mem\u00f3ria, linguagem, racioc\u00ednio, abstra\u00e7\u00e3o, aprendizagem, habilidade acad\u00eamica, processamento da informa\u00e7\u00e3o, visuoconstru\u00e7\u00e3o, afeto, fun\u00e7\u00f5es motoras e executivas.<\/p>\t\t\t\t\t\t\t\t<\/div>\n\t\t\t\t<\/div>\n\t\t\t\t\t<\/div>\n\t\t<\/div>\n\t\t\t\t\t<\/div>\n\t\t<\/section>\n\t\t\t\t<\/div>\n\t\t","protected":false},"excerpt":{"rendered":"<p>A Avalia\u00e7\u00e3o Neuropsicol\u00f3gica \u00e9 um m\u00e9todo de investiga\u00e7\u00e3o do funcionamento cerebral, que avalia o desempenho das habilidades cognitivas: aten\u00e7\u00e3o, mem\u00f3ria, linguagem, racioc\u00ednio, abstra\u00e7\u00e3o, aprendizagem, habilidade acad\u00eamica, processamento da informa\u00e7\u00e3o, visuoconstru\u00e7\u00e3o, afeto, fun\u00e7\u00f5es motoras e executivas.<\/p>\n","protected":false},"author":1,"featured_media":572,"parent":1398,"menu_order":0,"comment_status":"closed","ping_status":"closed","template":"","meta":{"footnotes":""},"class_list":["post-1472","page","type-page","status-publish","has-post-thumbnail","hentry"],"_links":{"self":[{"href":"https:\/\/www.clinicabioser.com.br\/online\/wp-json\/wp\/v2\/pages\/1472","targetHints":{"allow":["GET"]}}],"collection":[{"href":"https:\/\/www.clinicabioser.com.br\/online\/wp-json\/wp\/v2\/pages"}],"about":[{"href":"https:\/\/www.clinicabioser.com.br\/online\/wp-json\/wp\/v2\/types\/page"}],"author":[{"embeddable":true,"href":"https:\/\/www.clinicabioser.com.br\/online\/wp-json\/wp\/v2\/users\/1"}],"replies":[{"embeddable":true,"href":"https:\/\/www.clinicabioser.com.br\/online\/wp-json\/wp\/v2\/comments?post=1472"}],"version-history":[{"count":13,"href":"https:\/\/www.clinicabioser.com.br\/online\/wp-json\/wp\/v2\/pages\/1472\/revisions"}],"predecessor-version":[{"id":1577,"href":"https:\/\/www.clinicabioser.com.br\/online\/wp-json\/wp\/v2\/pages\/1472\/revisions\/1577"}],"up":[{"embeddable":true,"href":"https:\/\/www.clinicabioser.com.br\/online\/wp-json\/wp\/v2\/pages\/1398"}],"wp:featuredmedia":[{"embeddable":true,"href":"https:\/\/www.clinicabioser.com.br\/online\/wp-json\/wp\/v2\/media\/572"}],"wp:attachment":[{"href":"https:\/\/www.clinicabioser.com.br\/online\/wp-json\/wp\/v2\/media?parent=1472"}],"curies":[{"name":"wp","href":"https:\/\/api.w.org\/{rel}","templated":true}]}}